) = -v**3 - 13*v**2 - v - 6. Calculate r(-13).
7
Let j(d) = -d**3 + 4*d**2 - d. Determine j(5).
-30
Let i(b) = 143*b - 859. Determine i(6).
-1
Let l(q) = 8*q**2 - 5*q + 2. Calculate l(-3).
89
Let z(o) = 2*o**3 + 99*o**2 + 145*o + 44. What is z(-48)?
-4
Let p(n) = n**2 - 11*n + 19. Determine p(8).
-5
Let n(m) = -4*m**3 - m**2 + m + 1. Determine n(-2).
27
Let b(p) = -2*p + 1. Give b(-3).
7
Let n(y) = 19*y + 45. Give n(-5).
-50
Let v(s) = -s**3 - 9*s**2 + 10*s - 15. Determine v(-10).
-15
Let g(q) = -10*q + 58. Give g(6).
-2
Let t(q) = q**2 + 3*q - 16. Give t(0).
-16
Let k(j) = j**3 + 5*j**2 - 102*j + 20. Determine k(-13).
-6
Let m(u) = 7*u - 52. What is m(5)?
-17
Let t(g) = -g**2 - 24*g - 143. What is t(-14)?
-3
Let z(p) = -p**3 - 10*p**2 - 15*p - 38. Give z(-9).
16
Let g(j) = -2*j. Give g(-8).
16
Let h(k) = -k**2 + 39*k - 91. What is h(37)?
-17
Let x(h) = -48*h + 1. Give x(-1).
49
Let l(d) = -d**3 - 3*d**2 - 6*d + 5. Give l(-5).
85
Let b(k) = 3*k + 31. What is b(-9)?
4
Let u(c) = -c**3 + 23*c**2 + 23*c + 30. Give u(24).
6
Let u(r) = -r**2 + 10*r + 6. What is u(5)?
31
Let t(g) = -g**2 + 3*g - 2. What is t(2)?
0
Let f(a) = 4*a**2 + 26*a. What is f(-7)?
14
Let x(k) = 8*k - 1. Give x(0).
-1
Let n(f) = -2*f**3 - f**2 - 5. Give n(0).
-5
Let l(w) = 11*w + 29. What is l(-4)?
-15
Let h(y) = 11*y. What is h(1)?
11
Let h(z) = -3*z**2 - 18*z + 5. Determine h(-6).
5
Let a(j) = j**3 - 7*j**2 - 5*j - 11. What is a(8)?
13
Let a(t) = t**3 - 5*t**2 + t - 1. What is a(4)?
-13
Let h(z) = z**3 + 3*z**2 + z + 2. What is h(-4)?
-18
Let b(y) = y**3 + 17*y**2 - 6. Determine b(-17).
-6
Let m(a) = -a**2 + 9*a + 24. What is m(19)?
-166
Let v(o) = 12*o - 48. What is v(5)?
12
Let g(u) = -u**3 + 8*u**2 - 16*u - 5. Give g(5).
-10
Let d(n) = 7*n**3 + n**2 - n - 1. Determine d(-1).
-6
Let i(g) = -g + 9. What is i(5)?
4
Let o(y) = 14*y + 196. Calculate o(-14).
0
Let y(g) = 21*g**3 - g**2 + 6*g - 4. Give y(1).
22
Let w(b) = -3*b**2 - 117*b - 8. Give w(-39).
-8
Let n(k) = -33*k**2 + 104*k - 3. Give n(3).
12
Let o(l) = l**3 - 27*l**2 - 28*l - 5. Calculate o(28).
-5
Let p(u) = u**3 - 8*u**2 + 3*u + 6. Give p(7).
-22
Let z(r) = -2*r - 4. Calculate z(-12).
20
Let p(w) = w**3 - 6*w**2 - 3*w - 3. What is p(6)?
-21
Let l(d) = 6*d**3 + 17*d**2 - d - 1. Give l(-3).
-7
Let h(f) = -2*f**2 + 29*f - 16. Calculate h(14).
-2
Let v(w) = 2*w**3 - 4*w**2 - 12*w + 28. Calculate v(2).
4
Let x(a) = -2*a**2 - 8*a + 4. What is x(-6)?
-20
Let f(n) = 6*n + 17. What is f(4)?
41
Let x(h) = -6*h + 17. Calculate x(3).
-1
Let u(o) = -o**3 - o + 30. What is u(0)?
30
Let c(f) = -f**3 - f**2 + 9. What is c(0)?
9
Let n(t) = t**2 + 26*t - 6. Give n(-18).
-150
Let s(c) = -c**3 + 5*c**2 - 21*c + 175. Determine s(6).
13
Let m(z) = -19*z + 2. Calculate m(1).
-17
Let w(r) = -r**2 - 6*r - 2. Determine w(-4).
6
Let z(i) = i**2 + 6*i + 1. Calculate z(-2).
-7
Let y(h) = -3*h - 12. Give y(-6).
6
Let b(h) = h**3 - 3*h**2 - 6*h. Give b(5).
20
Let k(b) = 16*b**2 - 4*b + 3. Calculate k(1).
15
Let l(i) = -i**3 - 2*i**2 + 4*i + 4. Give l(-4).
20
Let g(q) = 18*q + 719. Give g(-40).
-1
Let c(n) = n**2 - 43*n + 276. Give c(8).
-4
Let u(t) = t**2 - 11*t - 1. Give u(11).
-1
Let z(y) = y**3 + 6*y**2 - 5*y - 9. What is z(-6)?
21
Let g(m) = 9*m - 2. What is g(1)?
7
Let u(g) = -2*g**3 + 7*g**2 - 6*g - 9. What is u(3)?
-18
Let n(f) = -7*f + 47. What is n(4)?
19
Let j(n) = 7*n + 5. Determine j(-3).
-16
Let r(d) = -3*d - 165. Calculate r(-19).
-108
Let v(o) = 2*o**2 + 6*o - 9. Determine v(-6).
27
Let l(y) = y**2 - 5*y - 6. Determine l(-2).
8
Let s(u) = -2*u**2 - 6*u - 12. Give s(-5).
-32
Let r(k) = -18*k + 11. Calculate r(0).
11
Let w(v) = -25*v + 40. Calculate w(2).
-10
Let b(v) = 6*v - 30. What is b(5)?
0
Let f(s) = -s**3 - 9*s**2 - 11*s - 20. Give f(-8).
4
Let n(v) = -2*v**2 - 27*v + 9. Calculate n(-17).
-110
Let q(g) = 14*g + 16. What is q(-4)?
-40
Let o(d) = 5*d - 15. Determine o(19).
80
Let g(r) = -r**3 + 3*r**2 + 3*r - 3. Give g(4).
-7
Let i(j) = j**2 - 4*j - 15. What is i(6)?
-3
Let o(y) = -y**2 - 5*y + 7. What is o(-5)?
7
Let t(y) = 5*y - 34. What is t(6)?
-4
Let i(g) = -155*g - 310. Calculate i(-2).
0
Let d(y) = -y**2 + 2*y + 176. Give d(-11).
33
Let n(t) = -6*t - 12. Determine n(-13).
66
Let p(w) = 11*w**2 - w - 12. What is p(2)?
30
Let f(v) = v**2 - 12*v + 9. Calculate f(9).
-18
Let z(o) = 2*o**2 + 12*o - 16. Give z(7).
166
Let h(z) = -5*z - 41. Determine h(5).
-66
Let j(t) = t**3 - 3*t**2 - 2*t + 3. What is j(3)?
-3
Let v(t) = 14*t**2. Give v(-1).
14
Let s(t) = -t**3 - 24*t**2 - 22*t + 24. What is s(-23)?
1
Let j(p) = 4*p**2 + 5*p + 10. Determine j(-4).
54
Let z(n) = 7*n - 317. What is z(43)?
-16
Let a(g) = -18*g + 210. Calculate a(12).
-6
Let h(z) = 13*z + 18. Calculate h(-3).
-21
Let y(m) = -2*m**2 - 4*m + 2. Determine y(-4).
-14
Let l(b) = -2*b**2 + 16*b. What is l(9)?
-18
Let c(n) = -n**3 - 2*n**2 + 19*n. What is c(-6)?
30
Let w(l) = -l**2. Give w(3).
-9
Let u(v) = -3*v - 16. Determine u(4).
-28
Let f(u) = -76*u + 842. Determine f(11).
6
Let i(u) = 12*u - 12. Give i(-3).
-48
Let u(v) = -51*v - 298. Give u(-6).
8
Let p(g) = g + 10. Give p(-2).
8
Let i(d) = d**2 + 17*d + 8. What is i(-17)?
8
Let o(w) = -w**2 + 13*w + 135. What is o(-7)?
-5
Let n(p) = -p**2 - 3. Give n(-3).
-12
Let s(y) = -y**2 - 18*y + 4. Determine s(-5).
69
Let g(s) = -2*s**3 + 9*s**2 - 10*s + 16. Determine g(4).
-8
Let z(r) = r**3 + 25*r**2 - 26*r - 27. Determine z(-26).
-27
Let m(r) = r**3 + 10*r**2 + 10*r + 6. Determine m(-9).
-3
Let p(s) = 6*s - 24. Give p(-3).
-42
Let c(r) = r**3 + 3*r**2 + 5. What is c(-4)?
-11
Let q(m) = -55*m**3 + 2*m - 1. What is q(1)?
-54
Let d(g) = g**3 + 8*g**2 + 10*g + 13. Calculate d(-7).
-8
Let s(i) = -i**3 + 4*i**2 - 2*i + 14. Give s(4).
6
Let h(z) = -5*z + 2. Calculate h(2).
-8
Let k(b) = -b**2 - 15*b + 6. What is k(-15)?
6
Let f(t) = -t**3 - 7*t**2 - 3*t + 1. Determine f(-3).
-26
Let y(j) = -5*j**2 - 142*j - 60. Calculate y(-28).
-4
Let g(y) = -31*y - 1. What is g(-4)?
123
Let l(r) = 2*r**2 + 7*r - 21. Calculate l(-7).
28
Let x(w) = w**3 - 5*w**2 + 10*w - 24. Give x(3).
-12
Let c(n) = 31*n + 25. Determine c(-1).
-6
Let w(v) = -94*v - 375. Calculate w(-4).
1
Let d(z) = 26*z**3 + z**2 - 1. Calculate d(-1).
-26
Let h(r) = -r**3 - 10*r**2 - 19*r - 67. Give h(-9).
23
Let u(a) = 3*a**2 - 9*a + 2. Give u(3).
2
Let k(b) = 12*b + 77. Calculate k(-6).
5
Let j(t) = -t - 6. What is j(-14)?
8
Let f(p) = p**2 + 17*p + 30. What is f(-14)?
-12
Let c(p) = 35*p - 147. Calculate c(4).
-7
Let d(s) = 16*s**2 + s - 1. Determine d(1).
16
Let u(s) = s**3 + 4*s**2 - 6*s + 1. Give u(-5).
6
Let d(c) = c**3 + 5*c**2 + 22*c + 62. Calculate d(-3).
14
Let h(p) = -11*p - 118. Calculate h(-10).
-8
Let g(l) = -l + 19. Calculate g(39).
-20
Let o(n) = 7*n + 9. Determine o(8).
65
Let d(g) = 18*g**2 + 7*g - 3. What is d(2)?
83
Let c(w) = -2*w. Calculate c(-5).
10
Let c(o) = o + 18. What is c(-24)?
-6
Let i(d) = 10*d - 3. Calculate i(2).
17
Let c(a) = a**3 - 10*a**2 - 4*a + 21. Calculate c(10).
-19
Let n(h) = -4*h + 20. Calculate n(10).
-20
Let y(c) = 7*c + 28. Give y(-4).
0
Let z(m) = -4*m + 76. Calculate z(16).
12
Let z(x) = -2*x**2 - 8*x - 4. What is z(-4)?
-4
Let j(m) = -m**3 + 15*m**2 - 3*m - 9. Calculate j(15).
-54
Let a(v) = -v - 10. Give a(-4).
-6
Let r(i) = i**2 - 15*i + 18. What is r(13)?
-8
Let a(b) = -b**2 + 13*b - 4. Give a(12).
8
Let r(j) = -4*j + 38. Give r(9).
2
Let g(r) = -r**3 - 17*r**2 + 15*r - 73. What is g(-18)?
-19
Let n(k) = -k**3 - 4*k**2 + 5*k + 3. Determine n(-3).
-21
Let g(t) = t**2 + 29*t + 33. What is g(-28)?
5
Let t(o) = o**2 - 9*o + 4. Determine t(7).
-10
Let s(l) = -2*l**3 - 14*l**2 - 4*l + 10. Give s(-7).
38
Let x(i) = 51*i + 339. Calculate x(-7).
-18
Let t(k) = -k**2 - 3*k + 3. Calculate t(-3).
3
Let b(i) = 4*i**2 + 3*i + 3. Calculate b(-3).
30
Let b(t) = -t**3 + 12*t**2 + t - 3. Give b(12).
9
Let t(r) = -r**3 + 9*r**2 - 8*r - 1. Give t(5).
59
Let n(v) = -v - 1. Give n(6).
-7
Let z(y) = y**2 + 5*y - 9. Determine z(-6).
-3
Let x(y) = y**3 - 7*y**2 - 16*y - 19. Determine x(9).
-1
Let t(y) = -10*y + 23. Give t(4).
-17
Let k(a) = -25*a + 282. Calculate k(11).
7
Let g(s) = 34*s - 177. What is g(5)?
-7
Let n(g) = 5*g**2 - g. Determine n(-1).
6
Let h(o) = o**3 + 18*o**2 - o - 16. What is h(-18)?
2
Let o(z) = -z**2 + 9*z + 59. Determi